t) = t**3 + 3*t**2 - 2*t + 3. Suppose 8*b - 84 = -116. Give l(b).
-5
Let b(g) = 22 + g - 7 - 10. Give b(-15).
-10
Suppose 16 = 4*a - 8*a. Suppose 0 = 5*m - 17 + 2. Let k(c) = m*c**2 - 5*c - 2*c**2 + 1 + 5*c**2 - 7*c**2. Give k(a).
5
Let a(w) = w**3 - 8*w**2 + w - 2. Let s be a(8). Let h(o) be the second derivative of o**3/3 - 2*o**2 - 2*o. Determine h(s).
8
Suppose -4*r = -0*r + 48. Let s = r - -17. Let q(n) = -4 - 2*n**3 - n + s*n**2 + 0*n**2 + 8 + n**3. What is q(5)?
-1
Suppose -5*s + 4*p = -92, -6*p = 3*s - p - 70. Let f be ((-16)/10)/((-8)/s). Let l(c) = -f*c + c**2 + 2*c**2 + 0*c + 3*c**3 - 2*c**3. Give l(-4).
0
Let y = -101 - -101. Let f(k) = k**2 + 11. What is f(y)?
11
Let r(f) be the second derivative of 1/12*f**4 + f**2 + 14*f - 1/6*f**3 + 0. What is r(2)?
4
Suppose -t - 150 = -6*t. Suppose -3*c - t = 2*c. Let k(x) be the first derivative of -x**2/2 - 13*x + 4. Give k(c).
-7
Let q(x) be the first derivative of 4*x + 3/2*x**2 - 33. Calculate q(-4).
-8
Let k(r) = -r**2 + 5*r - 1. Let q be 7/(-49) + (-64)/(-7). Let v be (-2 - -1)/((-3)/q). Determine k(v).
5
Let x(d) be the first derivative of 7/2*d**2 + 8 - 5*d - 1/3*d**3. Give x(4).
7
Suppose 20*k = 12*k + 48. Suppose -k*l = 2*l + 8. Let w(x) = -x**3 - x**2 - 2*x - 1. Determine w(l).
1
Let g(x) = -2*x + 3. Suppose -4 + 0 = -4*o, -2 = 2*z - 2*o. Let y be (-5)/(3/(-9) + z). Suppose 0*a = -3*a - y. Determine g(a).
13
Let g = -168 + 170. Let k(o) = 1860 + o - 1860 + 15*o**g. Determine k(-1).
14
Let x(d) = 5*d**2 + 18*d + 29. Let v(s) = -4*s**2 - 15*s - 30. Let o(b) = -6*v(b) - 5*x(b). What is o(0)?
35
Let t(z) = -14*z**3 - 8*z**2 + 3*z - 4. Let v(w) = -43*w**3 - 22*w**2 + 8*w - 11. Let y(f) = -11*t(f) + 4*v(f). What is y(-1)?
19
Suppose -5*u - 7*m + 4*m = -30, -u - 4*m = -23. Suppose u*i - 21 = -3. Let z(g) = g + 7. Determine z(i).
13
Suppose -4*j + i = 43, -2*j = -0*j - i + 23. Let l(a) = -a**3 - 11*a**2 - 9*a + 12. Determine l(j).
2
Let w(b) = -b - 4. Let y be w(-4). Let u(r) be the third derivative of -1/2*r**3 + 0*r - 1/60*r**5 + 0 - 1/120*r**6 - 9*r**2 - 1/24*r**4. What is u(y)?
-3
Let s(l) be the third derivative of l**6/120 + 2*l**5/15 - l**4/3 + 4*l**3/3 + 8*l**2 + 9. Calculate s(-9).
-1
Let a(l) be the first derivative of -l**5/120 + 11*l**3/3 - 11. Let d(s) be the third derivative of a(s). What is d(1)?
-1
Suppose -3*c - 52 = -4. Let b(n) = n**3 + 15*n**2 - 15*n + 11. What is b(c)?
-5
Let c(j) = -227 + 458 - 232 + 3*j. Determine c(-2).
-7
Let c(y) = 5*y - 19. Let n(r) = r**2 - 17*r - 230. Let z be n(26). Give c(z).
1
Let y = -6024 - -6029. Let z(x) = -5*x - 4 - 3*x**2 + 4*x**2 + 7. Give z(y).
3
Let h(o) = 0*o - o - 4 + 2. Let f = -806 - -802. Determine h(f).
2
Suppose 139*l - 137*l - 16 = 0. Let n(m) = -4*m**2 - 22 + m + l + 13. Calculate n(1).
-4
Suppose 14*g = 11*g + 6. Let t(n) = 13*n**2 - 2 + n - 8*n**2 + 3*n**3 - 2 - g*n**3. Calculate t(-5).
-9
Let v(j) = -5*j - 30. Let m(l) = 3*l + 15. Let f(i) = 7*m(i) + 4*v(i). Suppose 5*t + 169 = 18*t. Let n be f(t). Let p(x) = -4*x - 1. Determine p(n).
7
Suppose d = 4 - 0. Suppose -4*y - 4*m + 12 - 4 = 0, -3*y - d*m + 9 = 0. Let x(n) = 3*n**2 - n - 1. What is x(y)?
3
Suppose 3*t + 5 = 2*t. Let z = 7 + t. Let q(y) = -6 - y**2 + 0 + 4*y**2 + 4. What is q(z)?
10
Let c(w) = 2*w**3 - 12*w**2 + 2*w - 4. Let b be c(6). Suppose g = -n - 10, 10*n - 6*n = -b. Let y(d) = 2*d + 10. Calculate y(g).
-6
Let o = 44 + -42. Let a(l) = l**o + 20 - 9*l - 8 - 10. Give a(8).
-6
Let v = 16 - 5. Let z = -10 + v. Let u(p) = 0 - 3 + 3 + p - z. Give u(0).
-1
Suppose -11*q + 77 = 11. Let j(s) = -s + 10. Calculate j(q).
4
Let y(z) = 5*z - 13. Suppose -7 = -14*f + 49. Determine y(f).
7
Let q(t) = -3*t + 1 + 2*t + 1 + 3 + 13 - t**2. What is q(0)?
18
Let z(a) = -a**3 + 3*a**2 + 3*a - 3. Suppose 0 = -2*c - 0*o + o + 41, o = 4*c - 87. Suppose c = -2*f - 1. Let u be (-1)/(6/2)*f. What is z(u)?
-7
Let d be -3 - (1/3)/(2/(-42)). Let k(g) be the second derivative of g**4/12 - 2*g**3/3 - 2*g. What is k(d)?
0
Let c(h) = h**3 - 2*h**2 + h + 2. Let g(y) = 5*y**3 - 9*y**2 + 4*y - 16. Let m(z) = -4*c(z) + g(z). Determine m(0).
-24
Let t(n) = n**3 - n**2 - n - 1. Let l(h) = 4*h**3 - 8*h - 3. Let d(b) = l(b) - 3*t(b). Suppose -655*f + 664*f + 36 = 0. Calculate d(f).
4
Let r(z) be the first derivative of -1/360*z**6 + 0*z**2 - 7/3*z**3 - 1/40*z**5 + 0*z**4 + 0*z + 6. Let l(x) be the third derivative of r(x). Give l(-4).
-4
Let i(l) = 14853*l - 3 - 14851*l - 2*l**3 + l**3 - 5*l**2. Give i(-5).
-13
Let w = -31 - -31. Let d = w + 2. Let l(r) = -4*r - 2. Give l(d).
-10
Let k(w) = -2*w + 3*w + 2*w - 6 - 2*w. Let j be k(12). Let h(y) = y - 14. What is h(j)?
-8
Let y(d) = -2*d**2 - 5*d - 4. Suppose 6*w - 139 = -1. Let g = -26 + w. Give y(g).
-7
Suppose 14 = 55*f - 62*f. Let h(c) = -3*c**3 + 2*c**2 + 2*c - 2. What is h(f)?
26
Let q(j) = -15*j + 38. Let y be q(-13). Let u(s) = -y + 230 + s + 0*s. Suppose 4*o + 12 = r + r, -9 = -2*r + 3*o. Determine u(r).
-3
Let k(o) = o**3 - 6*o**2 + 3*o + 14. Let q be k(5). Let y(t) = -3*t + 13. What is y(q)?
1
Suppose -4*s + v - 4*v = -9, 5*v = -5*s + 5. Let f(j) = -j**2 + 8*j + 1. Calculate f(s).
13
Let p be 20/10*8/1. Let y(x) = -x**2 - p + 7037*x - 7037*x. Determine y(0).
-16
Suppose -10*j + 16*j + 66 = 0. Let c(o) = o + 13. Let d be c(j). Let p(l) = 10*l - 6. Let v(w) = -11*w + 7. Let x(h) = 4*p(h) + 3*v(h). Calculate x(d).
11
Let f(b) = -36*b + 1. Suppose v - 2*p = -2*v + 1, 0 = -2*v - 4*p + 6. Give f(v).
-35
Let c(b) = -17*b - 12. Let w(p) = -18*p - 1. Let a(x) = -c(x) + w(x). Let n(j) = j**2 + 4*j + 1. Let g be n(-5). Calculate a(g).
5
Let r(k) be the first derivative of k**4/24 + k**3/3 + k**2/2 + 3. Let n(f) be the second derivative of r(f). Let s be -2 - (3 - 1)/1. Give n(s).
-2
Suppose 2*i - 4 = 36. Let y be (-3)/(-15) - (-96)/i. Let g(l) = l - l**2 + 3*l + 2*l - 7. Determine g(y).
-2
Let u(g) = g**2 - 4. Let p(n) = -n**2 - 8*n - 4. Let l be (-10 + 3)*1*1. Let v be p(l). What is u(v)?
5
Let a(h) = -h**3 - 12*h**2 - 15*h - 174. Let i be a(-12). Let k(q) = 2*q**2 - 10*q - 8. Calculate k(i).
4
Let b(f) = f**3 + 5*f**2 - 2*f - 6. Let n(s) = 2*s + 9. Let y be n(-7). Let x be b(y). Let r(a) = 2 + 5*a + 0 + a**2 + a**3 + 0*a**3 - x*a. Determine r(-2).
-4
Let b(a) = 14*a**3 + 228 - 200 - 15*a**3 - 14*a**2 - 12*a. Determine b(-13).
15
Suppose -4*t + 5*t = 5, -2*c + 29 = 5*t. Let k(v) = -1 + 7 - 4*v - c + 5*v. Let u be (0 - -2)/((-27)/45 - -1). Determine k(u).
9
Let x(m) = m**2 + 6*m + 6. Let y be 2*((-65)/91)/(4/14). Calculate x(y).
1
Let c(i) = -i + 1. Let d be c(-3). Suppose -2*r + 0*r + 3 = -3*v, 5*r = -4*v - d. Let s(t) = -t - 4. Determine s(r).
-4
Let v(o) = -13*o**3 - 18*o**2 - 11*o - 33. Let w(g) = 3*g**3 + 4*g**2 + 3*g + 8. Let m(a) = 4*v(a) + 17*w(a). Let x be (-2)/8 - 38/8. What is m(x)?
-6
Let b(d) = d**3 - d**2 - d + 5. Let s = 10 - 14. Let v be s/10 - 72/(-30). Suppose v*i = i. Give b(i).
5
Let p(l) = -8*l - 10. Let x(t) = 7*t + 9. Let i(n) = 6*p(n) + 7*x(n). Give i(7).
10
Let s(x) = 16*x. Let q(v) = 15*v. Let d(f) = -7*q(f) + 6*s(f). Let w be (3*(0 - -1))/(6/4). Suppose 2*m = -w*m + 4. What is d(m)?
-9
Suppose 0 = -5*k - 20, 0 = 2*w - 4*w + 5*k + 30. Let z(l) = 2. Let d(o) = -o + 1. Let g = -9 - -8. Let f(q) = g*z(q) + 2*d(q). What is f(w)?
-10
Suppose n = 3*c - 9, -7*n + 3*n = 2*c + 8. Suppose -2*x + b + 3 = 0, 3*b - 15 = -5*x - 2. Let z(a) = -c*a - a**3 + 3*a - 8 - 2 + 4*a**x + 7. Calculate z(3).
9
Let h = 8 - 4. Suppose -6 = -y + h*a, 3*y - 2*y + 1 = -3*a. Suppose -y*t - 3 = -5*t. Let c(k) = 2*k**3 - k**2. Give c(t).
1
Let g(n) be the second derivative of 1/2*n**2 + 0 - n + 1/3*n**3. Let b = 2 + -5. What is g(b)?
-5
Let f(o) = o**2 + 8*o + 3. Let b = 38 + -46. Let g be f(b). Let d(l) = -l**2 + 2*l + 1. Give d(g).
-2
Let i(z) be the second derivative of -z**5/20 - 5*z**4/12 + 7*z**3/6 - 3*z**2/2 + 32*z - 3. Let l = 8 + -14. Calculate i(l).
-9
Let j(t) = t**3 - 4*t - 19. Let f(k) = k. Let c(u) = -3*f(u) - j(u). Determine c(0).
19
Let k(s) = -22*s**3 + s**2 + s. Suppose 0*z - 3*z = -l - 16, l = z - 6. Give k(l).
22
Let x(y) = -219 + 223 + 5*y - 2*y - 2*y. Let m = -1 + -2. Give x(m).
1
Let s(i) = 60*i + 1. Let l(b) = -23*b. Let a(m) = 5*l(m) + 2*s(m). Let y = -3 - -2. Let t be (y - -6)*(-6)/15. Determine a(t).
-8
Let d = 7 - 7. Suppose -